t z(n) = -4*n**2. Give z(-1).
-4
Let l(s) = 14*s - 57. Calculate l(8).
55
Let r(t) = t**2 - 14*t + 52. Calculate r(8).
4
Let t(k) = 2*k**2 - 33*k - 19. What is t(17)?
-2
Let w(u) = -u**3 + 12*u**2 - 7*u - 19. Calculate w(11).
25
Let l(k) = 7*k + 7. Determine l(5).
42
Let t(o) = 2*o**3 + 7*o**2 - 1. Give t(-5).
-76
Let c(y) = -2*y**3 - y**2 + y - 5. What is c(-3)?
37
Let f(j) = j - 25. Give f(15).
-10
Let m(a) = -a**3 + 15*a**2 - 16*a + 19. Calculate m(14).
-9
Let u(f) = -f**3 + 5*f**2 - f + 1. Determine u(5).
-4
Let x(z) = 9*z + 49. What is x(-5)?
4
Let p(s) = s**3 - 11*s**2 - s - 10. Give p(11).
-21
Let n(l) = -l**2 - 7*l + 8. Give n(-8).
0
Let k(r) = -r**3 - 24*r**2 + 15*r - 246. Calculate k(-25).
4
Let w(x) = 4*x**2 + 14*x - 2. What is w(-3)?
-8
Let i(t) = -t**3 - 12*t**2 + 13*t - 16. Calculate i(-13).
-16
Let m(u) = -17*u + 24. Determine m(-5).
109
Let w(j) = j**2 - 8*j + 3. Determine w(7).
-4
Let f(r) = -3*r**2 - 2*r + 4. Give f(-3).
-17
Let j(o) = o**2 + 12*o + 37. Give j(-7).
2
Let n(y) = -y**2 + 17*y + 25. Calculate n(17).
25
Let s(w) = -3*w**3 + 7*w + 1. What is s(3)?
-59
Let g(t) = 5*t + 50. Determine g(-9).
5
Let b(k) = k**2 - 30*k - 34. Determine b(28).
-90
Let g(x) = x**3 + 9*x**2 + 14*x + 3. Determine g(-7).
3
Let p(z) = 61*z - 604. Give p(10).
6
Let n(m) = m**3 + 9*m**2 + m + 10. Determine n(-9).
1
Let k(h) = h**3 + h**2 - 2*h + 8. Give k(0).
8
Let i(d) = 3*d - 60. What is i(-6)?
-78
Let s(m) = -2*m**2 - 10*m + 14. What is s(-4)?
22
Let z(y) = -y**2 + 13*y + 37. Give z(14).
23
Let n(l) = -10*l - 1. Determine n(-1).
9
Let v(w) = -6*w - 150. Give v(-25).
0
Let h(f) = f**3 + 5*f**2 - 3*f - 2. Give h(-5).
13
Let c(v) = 2*v**2 + 19*v + 7. Give c(-9).
-2
Let z(w) = 22*w. Determine z(-2).
-44
Let s(l) = -l**2 - 12*l - 24. Give s(-10).
-4
Let q(h) = h**3 - 5*h**2 - 5*h - 10. Give q(6).
-4
Let v(i) = i**3 + 14*i**2 - 16*i - 14. Calculate v(-15).
1
Let v(x) = x**3 - 9*x**2 + 3*x - 28. Calculate v(9).
-1
Let v(z) = -2*z**3 - 9*z**2 + 5*z - 6. Calculate v(-5).
-6
Let m(d) = 4*d - 92. Determine m(23).
0
Let g(t) = -t**2 + 7*t + 5. Determine g(7).
5
Let h(w) = w - 15. What is h(0)?
-15
Let m(t) = -3*t - 12. Determine m(-9).
15
Let i(j) = -3*j**3 + 3*j**2 - 4*j - 6. Give i(-1).
4
Let g(p) = 2*p**2 - 3*p + 2. Give g(3).
11
Let h(j) = 15*j. Determine h(-4).
-60
Let p(b) = b**2 + 8*b - 17. Give p(-7).
-24
Let h(m) = -m**3 + 33*m**2 + 71*m - 26. Determine h(35).
9
Let v(h) = 3*h + 21. Give v(-5).
6
Let n(a) = -a**3 - 10*a**2 - 9*a + 12. Calculate n(-9).
12
Let g(h) = 2*h**3 + 15*h**2 + 15*h - 11. What is g(-6)?
7
Let g(v) = -10*v + 48. Give g(6).
-12
Let r(i) = i**2 - 2*i + 3. Calculate r(6).
27
Let c(g) = g**3 + 10*g**2 + 10*g + 9. Give c(-9).
0
Let s(v) = -v - 14. What is s(-9)?
-5
Let f(t) = t**3 - 2*t**2 - 4*t - 5. Give f(4).
11
Let o(r) = -r**3 + 10*r**2 - r + 11. Give o(10).
1
Let y(l) = 20*l - 172. Calculate y(9).
8
Let d(h) = h**2 - 13*h - 17. Calculate d(14).
-3
Let g(l) = -11*l - 78. What is g(-8)?
10
Let b(k) = k**2 + k + 16. Determine b(0).
16
Let p(b) = 18*b - 11. What is p(4)?
61
Let m(w) = -2*w**2 + w + 10. Give m(6).
-56
Let c(a) = a - 4. Give c(6).
2
Let n(f) = -f**2 + f + 18. Give n(5).
-2
Let s(i) = 2*i**2 - 37*i - 46. Calculate s(20).
14
Let m(j) = j**2 - j + 3. What is m(-3)?
15
Let f(l) = -l**3 + 11*l**2 - 26*l - 6. Give f(8).
-22
Let u(g) = -g**2 - 7*g - 8. Give u(-4).
4
Let k(p) = 62*p**2 - 13*p - 12. Determine k(-1).
63
Let b(d) = -15*d + 1064. Give b(71).
-1
Let w(p) = -p**2 + 23*p - 112. Determine w(14).
14
Let u(f) = 9*f - 30. Determine u(-7).
-93
Let c(r) = 2*r**2 - 6*r + 4. Calculate c(5).
24
Let o(p) = -p**2 - 17*p - 64. Calculate o(-9).
8
Let i(k) = -k**2 + 7*k + 8. Determine i(6).
14
Let p(c) = -c**3 + 2*c**2 - 4*c + 1. What is p(2)?
-7
Let k(l) = -20*l - 466. Determine k(-24).
14
Let l(h) = -3*h**2 - 11*h + 9. Determine l(-6).
-33
Let x(q) = q**2 + 22*q - 147. Determine x(7).
56
Let h(z) = -61*z**2 + 2*z + 2. Determine h(-2).
-246
Let x(c) = c**3 + 5*c**2 - 6*c - 7. Give x(-6).
-7
Let l(r) = 5*r + 2. Calculate l(8).
42
Let d(k) = -5*k + 117. Determine d(24).
-3
Let t(m) = -2*m**3 + m**2 + 3*m + 1. Determine t(-1).
1
Let z(w) = -136*w**3 - w**2 - 3*w - 2. What is z(-1)?
136
Let y(z) = z**3 + 2*z**2 - 2*z - 3. Give y(-2).
1
Let o(s) = s**3 + 5*s**2 - 3*s. Give o(-6).
-18
Let v(x) = -x**3 + 7*x**2 - 9*x + 8. Determine v(5).
13
Let p(d) = -2*d**3 - 4*d**2 - 2*d - 2. Give p(-3).
22
Let t(h) = 4*h**3 - 9*h**2 + 15*h - 4. What is t(3)?
68
Let d(v) = v**3 - 14*v**2 + v + 10. What is d(14)?
24
Let m(w) = w**2 + 30*w - 62. What is m(-32)?
2
Let p(j) = -j**2 + 15*j. Determine p(15).
0
Let o(l) = -l**3 + 9*l**2 - 4*l - 2. Give o(8).
30
Let r(n) = 2*n + 6. Give r(-4).
-2
Let x(i) = -i**2 - 2*i + 67. Determine x(7).
4
Let b(z) = z**3 - 14*z**2 + 47*z - 4. Determine b(9).
14
Let z(u) = u**3 + u + 5. Give z(0).
5
Let n(b) = b**3 - 19*b**2 + 31*b + 20. Give n(17).
-31
Let h(d) = -d**3 + 2*d - 3. Give h(2).
-7
Let c(b) = 6*b + 250. Determine c(-41).
4
Let w(k) = -3*k**3 + 2*k**2 + 3*k - 2. Determine w(2).
-12
Let a(q) = 26*q**2. Calculate a(1).
26
Let u(v) = -v**3 + 5*v - 4. What is u(-3)?
8
Let x(t) = t**3 - 14*t**2 + 27*t - 28. Give x(12).
8
Let y(m) = m**2 + 4*m - 86. What is y(8)?
10
Let p(w) = w**2 - 4*w. Determine p(2).
-4
Let j(a) = 168*a**2 - 3*a + 3. What is j(1)?
168
Let s(h) = h**3 - 9*h**2 + 7*h + 8. What is s(8)?
0
Let k(c) = c**3 + 25*c**2 + 23*c - 29. Determine k(-24).
-5
Let d(s) = s**2 - 10*s + 6. Determine d(7).
-15
Let f(w) = -w**3 + 3*w**2 + 22*w - 15. Calculate f(6).
9
Let n(v) = v**3 + v**2 + 2*v + 19. What is n(0)?
19
Let m(f) = f**2 + 13*f + 5. Give m(-13).
5
Let a(i) = -i**2 - 24*i + 19. Calculate a(-24).
19
Let m(q) = -9*q - 8. Give m(-7).
55
Let t(l) = -l**3 - 27*l**2 + 64*l + 128. Give t(-29).
-46
Let c(r) = r**2 + 30*r - 80. What is c(-34)?
56
Let z(a) = a**2 - 19*a + 20. Determine z(18).
2
Let c(i) = -42*i - 154. Give c(-4).
14
Let i(u) = -6*u + 1. Determine i(5).
-29
Let x(k) = -k**2 + 19*k + 36. Calculate x(21).
-6
Let y(k) = k**3 + 6*k**2 - 2*k + 2. What is y(-6)?
14
Let l(p) = -2*p**2 - 11*p - 8. Determine l(-7).
-29
Let z(y) = y**3 + 34*y**2 + 61*y - 74. What is z(-32)?
22
Let j(l) = l**2 + 12*l - 19. Calculate j(-13).
-6
Let j(d) = -11*d - 125. Give j(-12).
7
Let t(n) = -14*n**2 + 3*n + 2. Calculate t(-1).
-15
Let c(b) = -2*b + 23. Give c(7).
9
Let u(s) = -11*s**2 - 4*s - 2. Calculate u(-2).
-38
Let d(r) = r**2 - 23*r - 13. Give d(18).
-103
Let w(l) = -l**3 + 4*l**2 - 4*l + 3. Calculate w(2).
3
Let v(n) = -n - 43. Determine v(-13).
-30
Let h(b) = 8*b - 114. Give h(11).
-26
Let h(u) = u**3 - 17*u**2 - 2*u + 1. Determine h(17).
-33
Let l(z) = -4*z - 3. Calculate l(-4).
13
Let o(d) = -16*d**2 - d + 1. Determine o(1).
-16
Let g(o) = o**2 - 8*o + 11. Give g(4).
-5
Let x(w) = -33*w**3 + w**2 - 1. Give x(-1).
33
Let n(y) = 2*y**2 - 3*y - 215. Calculate n(11).
-6
Let r(p) = -p**2 + 13. Calculate r(0).
13
Let q(d) = 30*d + 89. Give q(-3).
-1
Let a(l) = -l + 72. Determine a(0).
72
Let m(l) = -3*l + 3. Give m(7).
-18
Let d(u) = u**3 + 16*u**2 + 21*u - 51. What is d(-15)?
-141
Let c(j) = -10*j**2 - j + 1. Give c(1).
-10
Let b(w) = w + 20. What is b(-6)?
14
Let u(x) = -5*x**2. Calculate u(-2).
-20
Let o(j) = -j + 2. Calculate o(14).
-12
Let p(y) = -y**3 + 18*y**2 + 18*y + 14. Determine p(19).
-5
Let k(c) = c - 2. What is k(10)?
8
Let f(l) = 6*l + 5. What is f(0)?
5
Let m(h) = 17*h**2 - 15*h. Calculate m(1).
2
Let n(d) = d**3 - 5*d - 1. Determine n(4).
43
Let b(x) = -x**2 + 9*x - 4. Give b(7).
10
Let l(q) = 2*q - 34. What is l(17)?
0
Let z(h) = -2*h + 64. Give z(32).
0
Let x(n) = -n**3 + 4*n**2 - 3*n + 1. Calculate x(4).
-11
Let d(m) = 2*m**2 - 66*m + 2. What is d(33)?
2
Let y(j) = -j**3 + 6*j**2 - 9*j + 17. Give y(5).
-3
Let f(w) = -2*w + 7. Determine f(6).
-5
Let z(p) = -p**2 - 5*p + 1. What is z(-6)?
-5
Let o(r) = -r**2 + 19*r - 4. What is o(17)?
30
Let m(l) = -l. What is m(3)?
-3
Let y(i) = -i**3 + i**2 + 2*i - 3. What is y(1)?
-1
Let a(p) = -p**2 - 12*p + 10. Give a(-13).
-3
Let n(x) = -x**2 - 4*x + 9. What is n(-10)?
-51
Let z(h) = h - 15. Calculate z(-2).
-17
Let k(s) = s**2 - 7*s + 5. Calculate k(4).
-7
Let v(t) = -3*t**2 - 50*t - 87. Determine v(-15).
-12
Let g(o) = -o - 6. Give g(3).
-9
Let p(g)